ate the remainder when 381 is divided by 156.
69
What is the remainder when 292 is divided by 9?
4
Calculate the remainder when 165 is divided by 4.
1
Calculate the remainder when 309 is divided by 46.
33
What is the remainder when 50 is divided by 34?
16
Calculate the remainder when 645 is divided by 32.
5
What is the remainder when 287 is divided by 144?
143
What is the remainder when 209 is divided by 49?
13
Calculate the remainder when 34 is divided by 34.
0
Calculate the remainder when 617 is divided by 156.
149
What is the remainder when 170 is divided by 45?
35
Calculate the remainder when 852 is divided by 175.
152
What is the remainder when 2202 is divided by 708?
78
Calculate the remainder when 1712 is divided by 86.
78
Calculate the remainder when 69 is divided by 21.
6
What is the remainder when 36 is divided by 19?
17
Calculate the remainder when 122 is divided by 22.
12
Calculate the remainder when 605 is divided by 86.
3
What is the remainder when 313 is divided by 68?
41
What is the remainder when 382 is divided by 200?
182
Calculate the remainder when 884 is divided by 81.
74
Calculate the remainder when 5509 is divided by 106.
103
What is the remainder when 3033 is divided by 11?
8
What is the remainder when 272 is divided by 70?
62
Calculate the remainder when 56 is divided by 24.
8
What is the remainder when 706 is divided by 236?
234
Calculate the remainder when 135 is divided by 68.
67
What is the remainder when 1483 is divided by 16?
11
Calculate the remainder when 539 is divided by 19.
7
Calculate the remainder when 2990 is divided by 41.
38
Calculate the remainder when 1467 is divided by 484.
15
What is the remainder when 265 is divided by 74?
43
What is the remainder when 2274 is divided by 52?
38
Calculate the remainder when 34 is divided by 7.
6
What is the remainder when 112 is divided by 25?
12
Calculate the remainder when 53 is divided by 14.
11
What is the remainder when 496 is divided by 387?
109
Calculate the remainder when 655 is divided by 8.
7
What is the remainder when 74 is divided by 25?
24
What is the remainder when 33348 is divided by 115?
113
Calculate the remainder when 293 is divided by 93.
14
What is the remainder when 4199 is divided by 26?
13
What is the remainder when 74 is divided by 22?
8
Calculate the remainder when 91 is divided by 20.
11
What is the remainder when 717 is divided by 103?
99
Calculate the remainder when 513 is divided by 189.
135
Calculate the remainder when 9729 is divided by 37.
35
Calculate the remainder when 789 is divided by 391.
7
Calculate the remainder when 102 is divided by 81.
21
What is the remainder when 79 is divided by 6?
1
Calculate the remainder when 73 is divided by 49.
24
Calculate the remainder when 65 is divided by 8.
1
Calculate the remainder when 1515 is divided by 223.
177
What is the remainder when 152 is divided by 28?
12
What is the remainder when 252 is divided by 113?
26
Calculate the remainder when 100 is divided by 24.
4
Calculate the remainder when 4746 is divided by 83.
15
Calculate the remainder when 865 is divided by 14.
11
What is the remainder when 121 is divided by 43?
35
What is the remainder when 6428 is divided by 65?
58
What is the remainder when 498 is divided by 161?
15
Calculate the remainder when 2135 is divided by 31.
27
What is the remainder when 1647 is divided by 97?
95
Calculate the remainder when 156 is divided by 97.
59
What is the remainder when 191 is divided by 64?
63
Calculate the remainder when 262 is divided by 44.
42
What is the remainder when 4755 is divided by 39?
36
What is the remainder when 42 is divided by 13?
3
What is the remainder when 119 is divided by 9?
2
Calculate the remainder when 67 is divided by 6.
1
Calculate the remainder when 3063 is divided by 29.
18
Calculate the remainder when 1903 is divided by 68.
67
What is the remainder when 376 is divided by 44?
24
What is the remainder when 1602 is divided by 1591?
11
What is the remainder when 754 is divided by 262?
230
Calculate the remainder when 159 is divided by 40.
39
What is the remainder when 876 is divided by 26?
18
What is the remainder when 1493 is divided by 34?
31
What is the remainder when 941 is divided by 105?
101
What is the remainder when 1318 is divided by 437?
7
What is the remainder when 2315 is divided by 40?
35
Calculate the remainder when 188 is divided by 8.
4
Calculate the remainder when 1174 is divided by 66.
52
What is the remainder when 163 is divided by 15?
13
What is the remainder when 770 is divided by 97?
91
What is the remainder when 495 is divided by 111?
51
What is the remainder when 669 is divided by 96?
93
What is the remainder when 69 is divided by 67?
2
Calculate the remainder when 1352 is divided by 447.
11
Calculate the remainder when 1521 is divided by 291.
66
Calculate the remainder when 106 is divided by 62.
44
Calculate the remainder when 2507 is divided by 22.
21
Calculate the remainder when 7448 is divided by 27.
23
Calculate the remainder when 4730 is divided by 19.
18
What is the remainder when 42 is divided by 27?
15
Calculate the remainder when 537 is divided by 12.
9
Calculate the remainder when 104 is divided by 54.
50
Calculate the remainder when 119 is divided by 32.
23
Calculate the remainder when 53 is divided by 15.
8
Calculate the remainder when 248 is divided by 48.
8
What is the remainder when 19316 is divided by 28?
24
What is the remainder when 1068 is divided by 68?
48
Calculate the remainder when 498 is divided by 86.
68
What is the remainder when 140 is divided by 128?
12
What is the remainder when 142 is divided by 29?
26
Calculate the remainder when 67 is divided by 52.
15
What is the remainder when 375 is divided by 3?
0
What is the remainder when 171 is divided by 59?
53
Calculate the remainder when 5666 is divided by 18.
14
What is the remainder when 101 is divided by 34?
33
Calculate the remainder when 1703 is divided by 11.
9
What is the remainder when 770 is divided by 155?
150
Calculate the remainder when 428 is divided by 115.
83
Calculate the remainder when 724 is divided by 29.
28
Calculate the remainder when 716 is divided by 40.
36
What is the remainder when 1093 is divided by 178?
25
What is the remainder when 112 is divided by 103?
9
Calculate the remainder when 3175 is divided by 30.
25
Calculate the remainder when 68 is divided by 37.
31
Calculate the remainder when 814 is divided by 51.
49
Calculate the remainder when 47 is divided by 16.
15
Calculate the remainder when 154 is divided by 26.
24
Calculate the remainder when 1291 is divided by 321.
7
What is the remainder when 65 is divided by 24?
17
Calculate the remainder when 261 is divided by 254.
7
What is the remainder when 477 is divided by 96?
93
Calculate the remainder when 151 is divided by 49.
4
What is the remainder when 60 is divided by 20?
0
Calculate the remainder when 642 is divided by 160.
2
What is the remainder when 1258 is divided by 15?
13
Calculate the remainder when 669 is divided by 56.
53
What is the remainder when 5604 is divided by 95?
94
Calculate the remainder when 73 is divided by 40.
33
Calculate the remainder when 1059 is divided by 15.
9
What is the remainder when 289 is divided by 8?
1
What is the remainder when 80 is divided by 18?
8
Calculate the remainder when 78 is divided by 14.
8
What is the remainder when 2443 is divided by 269?
22
What is the remainder when 23 is divided by 5?
3
Calculate the remainder when 894 is divided by 299.
296
Calculate the remainder when 677 is divided by 225.
2
Calculate the remainder when 3362 is divided by 4.
2
What is the remainder when 1658 is divided by 275?
8
What is the remainder when 1419 is divided by 71?
70
Calculate the remainder when 797 is divided by 25.
22
What is the remainder when 373 is divided by 59?
19
What is the remainder when 832 is divided by 6?
4
What is the remainder when 532 is divided by 3?
1
Calculate the remainder when 127 is divided by 22.
17
What is the remainder when 678 is divided by 76?
70
Calculate the remainder when 16 is divided by 8.
0
What is the remainder when 3158 is divided by 21?
8
Calculate the remainder when 1566 is divided by 49.
47
What is the remainder when 829 is divided by 54?
19
Calculate the remainder